 -1326 - (-2 + 2 - -2).
-6
What is the value of -52 - -69 - (-1 - -4) - -17?
31
What is the value of (57 - 49) + (20 - 4)?
24
What is the value of -9 - (7 + -1 - -4 - 3)?
-16
Evaluate -132 + 132 + (0 - -2 - (5 + -26)).
23
What is 7 - (7 - -5) - 10?
-15
What is (12 - -3) + 19 + -25?
9
What is the value of -10 - 19 - (-17 + 0)?
-12
Evaluate (-3 - (-5 - (0 + -8))) + -4.
-10
Evaluate 4 + 22 - (3 - -10 - 6).
19
(1 - -2) + 2 - (-347 + 349)
3
17 - (21 + -3) - 1
-2
Calculate 18 - (32 + -30 - (-6 - 3 - -4)).
11
6 + 8 + ((5 - 9) + -3 - -5)
12
What is -1 + (13 - (5 + -10))?
17
Evaluate 5 - (1 + -23 + 13).
14
-38 + 50 + (-51 - -12)
-27
Calculate -6 + 15 + 3 - (-28 + 31).
9
What is the value of (-126 - -136) + (1 - -22) + -2 + 6?
37
8 + (21 + -16 + 1 - (2 - 3))
15
What is -35 + 53 - (-23 + 15)?
26
What is 26 - (14 - 9 - -2)?
19
(208 - 196 - (-14 + -1)) + -13
14
What is 17 + (9 + -34 - (14 - 2))?
-20
What is 2 + (0 - 2) + 401 + -395?
6
What is -20 - (-35 - -32 - (2 - (-1 - 1)))?
-13
What is (-24 + -2 - -2) + (19 - (-19 + 34))?
-20
Evaluate (-31 - -53 - 35) + -13.
-26
What is the value of 18 + (5 - (24 - 14))?
13
Evaluate (1 + -4 + 5 - (-9 + 15)) + -7.
-11
What is -7 + (-3 - -5) - (-13 - -1)?
7
What is the value of (1 - ((-1 - -3) + (23 - 20))) + 26?
22
What is 14 + (-14 + -7 - -11)?
4
Calculate 4 + -14 + (-5 - (0 - 14)).
-1
Evaluate (2 - -3) + -3 - (8 + -2 + -6).
2
Evaluate 10 + -12 + 15 + 0 - (9 - 4).
8
Calculate -32 - -32 - (5 + 2) - -2.
-5
What is the value of (5 - (1 + 2 + 4)) + 11?
9
What is 2 - -8 - (-141 - -160)?
-9
Evaluate (-3 - 9) + -34 - -25.
-21
Evaluate (6 - 1) + (-12 + 1 + 17 - 23).
-12
Evaluate (-23 - -36) + 2 - -6.
21
What is the value of 31 + -21 - -25 - 21?
14
Calculate -5 + 1 - (-21 - -9 - (1 - 12)).
-3
What is (-16 - -5) + 12 + 25?
26
Evaluate 5 + (4 - 6 - (30 + 9)).
-36
Evaluate (-1 - 1) + -2 + -9 + 17 - 17.
-13
Calculate -14 + 6 + (-5 - -14).
1
(-20 - -35) + (-2 - 2 - 18)
-7
Evaluate -11 - 0 - (0 - (42 + -30)) - -6.
7
Calculate -30 + 47 + -1 + -7 + -7 + 5.
7
Evaluate (2 - -21 - 30) + 16.
9
Evaluate -4 + -21 + 3 + 18.
-4
What is -8 + (9 - (9 + -10 + 4))?
-2
Calculate 24 - (1 + 3) - 36.
-16
What is the value of (-31 - (29 - 98)) + -7?
31
4 + -3 + -1 + (-25 - -23)
-2
-8 - (3 + -32 + 0 - (4 - 12))
13
(-4 - 1) + (4 - (-4 + (-2 - 2)))
7
Calculate 39 - 4 - 30 - 5.
0
(-6 - -8) + 24 + -13
13
Evaluate -14 + (42 + -9 + -12 - 11).
-4
Calculate -8 + 9 + (20 - (25 - 13)).
9
What is -4 + -4 + -12 + 30 + -1?
9
What is 356 + -348 + (-33 - -1)?
-24
Evaluate (33 - (12 + 35)) + 13.
-1
(6 - 3 - (5 - 2)) + (-1 - 7)
-8
What is the value of 2 + -8 + 0 - (-101 + 121)?
-26
Evaluate 15 + -3 - (12 + (-12 - -6)).
6
What is 653 - 651 - (-9 + (5 + -1 - 2))?
9
What is the value of (-4 - -1) + 1 + (-95 - -86)?
-11
What is the value of (0 + 3 - 4) + (-21 - -19)?
-3
What is the value of 6 - -1 - (-51 - -34 - (4 + -64))?
-36
-5 + (-7 - (-2 - 2) - (13 + -7))
-14
Calculate -21 + (27 - -21) + -9.
18
4 + (-10 - 6) - -4 - -3 - 0
-5
What is the value of -2 + -16 - (-3 - -7 - (-10 - -16))?
-16
6 + (-24 - -18) + -19
-19
(9 + 4 - -2 - (1 + 2)) + -4
8
Calculate -23 - (1 + 27 - (169 + -152)).
-34
Evaluate -20 + 4 - -22 - (-18 + 0).
24
What is the value of -3 - (13 + (5 - 18 - -7))?
-10
(1 + 3 - (6 - (9 + -12))) + 16
11
What is the value of (9 + -3 - -5 - 1) + (12 - 5)?
17
Calculate (1 - 7) + (-4 - -2) + 8 - 19.
-19
Evaluate -283 - -282 - (11 - 1).
-11
7 + (-5 - 10) - -16
8
Calculate 19 - (23 - -1 - 23).
18
10 - 0 - (169 - 157) - (3 + -19)
14
-1 + 3 - (-10 - (-29 + 4))
-13
What is -20 + 11 + (-5 - -6)?
-8
5 - ((-14 - -15) + 4)
0
What is the value of -1 - -3 - (-79 + 75)?
6
What is the value of -10 + (-6 + -1 - (-6 - 5))?
-6
-3 + (5 - (-7 + 1 - -10)) + 3
1
Evaluate (1 - -15) + -20 + 14.
10
Calculate -3 + -1 - (-11 + 7 + -9 - -22).
-13
What is 254 + -248 - (1 + 25)?
-20
Evaluate (-3 - 11 - 0) + -1 + (-144 - -149).
-10
3 - (-13 - (1 - 4))
13
What is the value of -9 - (-8 - 4) - 4?
-1
What is (16 - 12) + 1 - 1?
4
Evaluate (-11 + -3 - -25) + 1 + -10.
2
-520 - -489 - (1 - 43)
11
What is the value of 13 + (3 - 5 - (-11 + 11))?
11
What is 1 + -42 + 110 + -71?
-2
What is the value of -23 + 12 + -6 + (53 - 37)?
-1
Evaluate -6 + (-4 + 3 + 30 - 2) - 9.
12
Calculate -6 + -12 + 13 + (7 - (0 - 1)).
3
What is the value of (-7 - -3 - -11) + (-18 - 0)?
-11
What is the value of -106 + 210 + -106 - (-1 - 0 - -25)?
-26
What is 10 - (18 - (9 - 2))?
-1
Evaluate -45 - (27 + (-3 - 45)).
-24
What is (2 - -1) + (-15 - 3 - 4)?
-19
What is the value of -12 - (-43 + 29 + -17)?
19
(18 + -6 - -22) + -44
-10
Evaluate -5 + 13 + (-1 - (30 + -10)).
-13
7 + -2 + 13 + (-42 - 0)
-24
7 - -4 - 20 - (-2 - 1)
-6
20 + 9 + -1 + -413 + 394
9
What is the value of (0 - (-1 - -6)) + (11 - -1 - -8)?
15
Calculate -162 - -147 - (-1 + 5).
-19
What is 0 + 17 + (-16 - (30 - 35))?
6
(-2 - 0) + 19 + -3
14
2 + (33 + -13 - 24) + 1 + -17
-18
What is the value of 16 + (-1 - 25) + (-20 - 0) + -2?
-32
Evaluate -1 - (-15 + 6 + 3 + 4 + -1).
2
(-4 - (2 - 9)) + 14 + 9 + -18
8
Evaluate 18 + 16 + -9 + -22.
3
What is 43 - 1 - 1 - (890 + -876)?
27
Evaluate 7 + -6 + -12 - -20.
9
Evaluate 42 + -53 - ((-1 - -1) + (3 - 3)).
-11
What is the value of -2 - 9 - (-9 + 1)?
-3
22 - (-6 + (0 - -13))
15
Calculate -3 + (23 + -28 - -14).
6
Evaluate -22 - (-7 - 6) - -18.
9
What is 45 - (-3 - (-3 + -4)) - (14 - 4)?
31
Calculate (15 + -17 + 15 - 26) + (3 - -4).
-6
-19 - (-1 + (7 - 17) + 11 + -3)
-16
What is -8 - (0 + 38 + -41 + (0 - 2))?
-3
Calculate (14 + -1 - (-10 + 1)) + 5.
27
What is -8 + 17 + (-8 - 9) + (7 - 6)?
-7
(26 - 1) + -9 + 5 + -11
10
Evaluate (0 - -3) + -22 + 36.
17
Evaluate (13 - -15) + -6 + (-5 - 0).
17
What is -12 + 1 + 226 + -223?
-8
What is (-59 - -23 - -24) + 28?
16
Evaluate (-8 - (6 - 4)) + 1 + 4 + 0.
-5
What is the value of 2 + 27 + -12 - (2 + 3)?
12
What is (5 - 6 - 3 - 13) + (1 - 1)?
-17
What is (-8 + -4 + 13 - 6) + (0 - 14)?
-19
Evaluate 7 + -7 - (-5 - -15 - 6) - -14.
10
Evaluate 1 + 0 - (3 + (4 + -3 - 4)).
1
Evaluate 21 - -23 - 51 - (-10 + 1).
2
What is (-11 - -60 - 9) + -14 - (4 + 1)?
21
What is 27 - ((5 - -16) + -11)?
17
Calculate -22 + -7 + (13 + -6 - 7 - -9).
-20
Evaluate -7 + -2 + 3 - 8 - -5.
-9
Calculate -195 + 206 - (2 + -2).
11
Calculate -27 + (-12 - -74) + -12.
23
What is the value of 6 + (-18 - -1) + 3?
-8
Evaluate 8 + 5 + (-32 - -34).
15
What is the value of 0 + -16 + -16 + 18 + 7 + 18?
11
What is the value of (-20 - -22) + (5 + -1 - -7)?
13
Evaluate 7 - ((1 - (-5 + 6)) + -10 + 2).
15
What is the value of -7 - (-6 - 0) - (0 + -8)?
7
What is 1 - (13 + 6 - 9)?
-9
-5 + (2 - (7 - 4)) + 0 - -4
-2
What is (-21 + 9 - (-2 + -4)) + 24 + -28?
-10
What is -1 - (4 + -17 + -5) - (0 - -7)?
10
What is (2 - (4 + 10 - 12)) + 8?
8
Evaluate (-16 - (23 + -35)) + -18 + 2.
-20
Calculate (1 + (7 - -2) - 11) + -1.
-2
Evaluate -4 + (7 - (2 - -5)).
-4
Evaluate -46 + 33 - (-15 + 30).
-28
What is the value of 1 - ((11 - 29) + -4) - 7?
16
What is (15 - 6 - (3 + -4)) + -9 + -7?
-6
What is -13 + 5 - (-2 + -1 + 0 - -3)?
-8
-13 - ((-20 - 18) + 10)
15
What is (5 - (5 - -3)) + (18 - 4)?
11
What is the value of (19 - -9) + -22 - (1 + -1 + -3)?
9
What is -9 + 9 + (-1 - -6) + -9 + 10?
6
What is the value of (-1 - (-6 - 1)) + 2 - (136 - 133)?
5
Evaluate -11 + (2 - (4 + 7)) + 29.
9
-3 - -45 - (101 - 81)
22
Calculate 12 + (-24 - -25) - (-2 + 3).
12
Calculate (-22 - -3) + 64 + -34 - -18.
29
What is the value of (12 - 13 - 18) + -2 + 13?
-8
Calculate ((-11 - -5) + 1 - -11) + (-15 - 0).
-9
What is 11 - 32 - (-6 - -14)?
-29
Evaluate -43 - (1 + -43) - (-4 - 22).
25
What is 29 + 6 + -34 - (0 + -1 - -2)?
0
Evaluate 22 - (23 + 9) - (1 + -22).
11
What is the value of 16 + -7 + -6 - 17?
-14
-9 + 11 + -21 + 10 - -13
4
Evaluate -42 - -64 - (32 - 17).
7
What is ((-5 - 4) + 2 - -1) + 6 + -5?
-5
What is the value of -35 - (-20 + (-20 - -21))?
-16
Evaluate (3 - (-5 - -6) - -9) + 3.
14
What is the value of -3 + (-7 + -2 + (8 - -5) - 35)?
-34
What is the value of 4 - 22 - (-30 + -6)?
18
Calculate 0 + (6 - 2 - (6 + -2)) + 2.
2
Calculate 3 + -2 + -2 + -3 + -1.
-5
Evaluate -22 + (8 - 0) - -16.
2
What is 0 + 1 + -3 - (9 - 21)?
10
-5 - (-2 + 4 + (-3 - (18 + -12)))
2
Evaluate (2 - -10 - 22) + 18.
8
11 + -2 + (-68 - (-19 + -28))
-12
Evaluate (-2 - -1) + 16 - -6 - 9.
12
What is (-30 - (8 + 3)) +